{"id":22427,"date":"2024-05-02T14:13:21","date_gmt":"2024-05-02T17:13:21","guid":{"rendered":"https:\/\/bitcoinblock.com.br\/loja\/?post_type=product&#038;p=22427"},"modified":"2025-07-22T12:59:50","modified_gmt":"2025-07-22T15:59:50","slug":"navegacao-financeira-modulos","status":"publish","type":"product","link":"https:\/\/bitcoinblock.com.br\/loja\/produto\/navegacao-financeira-modulos\/","title":{"rendered":"Consultoria Plano Sardinha para Traders de Cripto"},"content":{"rendered":"<p>Quer levar suas an\u00e1lises para o pr\u00f3ximo n\u00edvel? Com nossa<\/p>\n<p><strong>Consultoria Sardinha<\/strong>, voc\u00ea ter\u00e1 1 hora de videoconfer\u00eancia ao vivo com um trader especialista que ir\u00e1 te guiar em cada detalhe dos gr\u00e1ficos e estrat\u00e9gias para maximizar suas opera\u00e7\u00f5es no mercado de criptomoedas.<\/p>\n<p><strong>O que voc\u00ea vai ganhar nessa consultoria:<\/strong><\/p>\n<ul>\n<li>Revis\u00e3o personalizada das suas an\u00e1lises t\u00e9cnicas e gr\u00e1ficos;<\/li>\n<li>Corre\u00e7\u00e3o de pequenos erros e ajuste de estrat\u00e9gias para melhor performance;<\/li>\n<li>Insights pr\u00e1ticos para aprimorar sua leitura de mercado e potencializar seus resultados.<\/li>\n<\/ul>\n<p><strong>Investimento:<\/strong> R$ 149,90 por 1 hora de consultoria com foco em <strong>quem j\u00e1 tem conhecimento em an\u00e1lise t\u00e9cnica e conceitos de criptomoedas<\/strong>\u00a0e busca um upgrade real nas suas opera\u00e7\u00f5es.<\/p>\n<p><strong>Pr\u00f3ximos passos: <\/strong>Antes de adquirir qualquer curso ou mentoria, esclare\u00e7a suas d\u00favidas e fa\u00e7a perguntas diretamente \u00e0 <a href=\"https:\/\/t.me\/BitcoinBlockBr\/42001\">equipe<\/a>.<\/p>\n<p>Pagamentos direto com cripto 5% de desconto.<\/p>\n<p>Ap\u00f3s pagamento, enviar comprovante para <a href=\"mailto:contato@bitcoinblock.com.br\"><strong>contato@bitcoinblock.com.br<\/strong><\/a><\/p>\n<p>&nbsp;<\/p>\n","protected":false},"excerpt":{"rendered":"<p>Quer levar suas an\u00e1lises para o pr\u00f3ximo n\u00edvel? Com nossa\u00a0<strong>Consultoria Sardinha<\/strong>, voc\u00ea ter\u00e1 1 hora de videoconfer\u00eancia ao vivo com um trader especialista que ir\u00e1 te guiar em cada detalhe dos gr\u00e1ficos e estrat\u00e9gias para maximizar suas opera\u00e7\u00f5es no mercado de criptomoedas.<\/p>\n<p><strong>O que voc\u00ea vai ganhar nessa consultoria:<\/strong><\/p>\n<ul>\n<li>Revis\u00e3o personalizada das suas an\u00e1lises t\u00e9cnicas e gr\u00e1ficos;<\/li>\n<li>Corre\u00e7\u00e3o de pequenos erros e ajuste de estrat\u00e9gias para melhor performance;<\/li>\n<li>Insights pr\u00e1ticos para aprimorar sua leitura de mercado e potencializar seus resultados.<\/li>\n<\/ul>\n<p><strong>Investimento:<\/strong> R$ 149,90 por 1 hora de consultoria com foco em <strong>quem j\u00e1 tem conhecimento em an\u00e1lise t\u00e9cnica e conceitos de criptomoedas<\/strong>\u00a0e busca um upgrade real nas suas opera\u00e7\u00f5es.<\/p>\n<p><strong>Pr\u00f3ximos passos: <\/strong>Antes de adquirir qualquer curso ou mentoria, esclare\u00e7a suas d\u00favidas e fa\u00e7a perguntas diretamente \u00e0 <a href=\"https:\/\/t.me\/BitcoinBlockBr\/42001\">equipe<\/a>.<\/p>\n<p>Pagamentos direto com cripto 5% de desconto.<\/p>\n<p>Ap\u00f3s pagamento, enviar comprovante para <a href=\"mailto:contato@bitcoinblock.com.br\"><strong>contato@bitcoinblock.com.br<\/strong><\/a><\/p>\n<p>&nbsp;<\/p>\n","protected":false},"featured_media":22542,"comment_status":"open","ping_status":"closed","template":"","meta":[],"product_brand":[],"product_cat":[773764],"product_tag":[773627,773628,773632,773754,773906,773637,773756],"class_list":{"0":"post-22427","1":"product","2":"type-product","3":"status-publish","4":"has-post-thumbnail","6":"product_cat-curso","7":"product_tag-bitcoin","8":"product_tag-blockchain","9":"product_tag-consultoria","10":"product_tag-curso","11":"product_tag-independencia-financeira","12":"product_tag-investimento","13":"product_tag-mentoria","15":"first","16":"instock","17":"shipping-taxable","18":"product-type-external"},"_links":{"self":[{"href":"https:\/\/bitcoinblock.com.br\/loja\/wp-json\/wp\/v2\/product\/22427","targetHints":{"allow":["GET"]}}],"collection":[{"href":"https:\/\/bitcoinblock.com.br\/loja\/wp-json\/wp\/v2\/product"}],"about":[{"href":"https:\/\/bitcoinblock.com.br\/loja\/wp-json\/wp\/v2\/types\/product"}],"replies":[{"embeddable":true,"href":"https:\/\/bitcoinblock.com.br\/loja\/wp-json\/wp\/v2\/comments?post=22427"}],"wp:featuredmedia":[{"embeddable":true,"href":"https:\/\/bitcoinblock.com.br\/loja\/wp-json\/wp\/v2\/media\/22542"}],"wp:attachment":[{"href":"https:\/\/bitcoinblock.com.br\/loja\/wp-json\/wp\/v2\/media?parent=22427"}],"wp:term":[{"taxonomy":"product_brand","embeddable":true,"href":"https:\/\/bitcoinblock.com.br\/loja\/wp-json\/wp\/v2\/product_brand?post=22427"},{"taxonomy":"product_cat","embeddable":true,"href":"https:\/\/bitcoinblock.com.br\/loja\/wp-json\/wp\/v2\/product_cat?post=22427"},{"taxonomy":"product_tag","embeddable":true,"href":"https:\/\/bitcoinblock.com.br\/loja\/wp-json\/wp\/v2\/product_tag?post=22427"}],"curies":[{"name":"wp","href":"https:\/\/api.w.org\/{rel}","templated":true}]}}